e r(5). Let h = 7 - 4. Suppose 0 = w*i - h*i - 148. What is the units digit of i?
7
Let o(g) = 21*g**2 + 29*g + 13. What is the units digit of o(-5)?
3
Suppose -2*h + 7*h - 130 = 0. Let x(q) = q**2 - 23*q + 10. What is the tens digit of x(h)?
8
Suppose 33*g - 2274 = 32*g - 5*u, 5*u + 6762 = 3*g. What is the units digit of g?
9
Let v = -14 - -17. Suppose 164 = -v*m + 4*m + 2*x, 4*x = 5*m - 876. What is the tens digit of m?
7
Let y be 3/(1/(-2 - -3)). Suppose 0 = y*m - 44 - 43. Suppose 0*l + l - m = 0. What is the tens digit of l?
2
Let g(z) = z**3 - 8*z**2 + 2*z - 11. Let n be g(8). Suppose 75 = n*x - u, 5*x + 0*u - 55 = 5*u. What is the units digit of x?
6
Let o(z) = z + 9. Let a be o(-6). Let b(u) = -2*u + 11 - a*u - u + 3*u. What is the tens digit of b(-11)?
4
Let k = -280 + 922. What is the units digit of k?
2
Suppose -5*t + 3*u - 15 = 0, 0*u + 3*u = -2*t + 15. What is the units digit of 66 + 1/3*t?
6
Let p be (-14)/(-4)*(-1 - 38/(-14)). What is the tens digit of (-122)/(-6)*(p - 3)?
6
What is the tens digit of -3 + (-3)/(15/(-1670))?
3
Let z(o) = 2 - 10*o**2 - 11*o + 11*o**2 - 2*o**2. Let y be z(-11). Suppose 2*r + 10 = 2*j, 2*r = -3*j - y*j + 39. What is the units digit of j?
7
What is the tens digit of (-4)/(-8)*(-1348)/(-1)?
7
Let t be 1/((-3 + 2)/(-3)). Let i = 12 - 10. Suppose -2*f - i*o = -40, -o = t*f + o - 56. What is the units digit of f?
6
Suppose -8*l - 5*w + 83 = -6*l, 3*l + w = 105. Suppose l*b = 39*b - 5. What is the units digit of b?
1
Let z be 24/(0 - 2 - -3). Suppose 72 = m + 18. Let h = m - z. What is the tens digit of h?
3
Let v be -9*(2 + (-30)/9). Suppose 13 = 5*c - v. What is the units digit of c?
5
Let d be -4*2*51/(-12). Let o be (-28)/(-8)*d + -1. Suppose 4*z - 2*z - o = 0. What is the tens digit of z?
5
Let t(z) = 2*z**3 - z**2 - 4*z + 29. What is the tens digit of t(6)?
0
Let z(p) = p**3 - 43*p**2 + 41*p + 102. What is the units digit of z(43)?
5
Let u = -29 + 57. Let p = u + 71. What is the tens digit of p?
9
Suppose -1961 = -p + 4*i, -3*i + 5815 = 3*p + 2*i. What is the tens digit of p?
4
Suppose -4*z - 5*x + 2713 = 0, -6*z - 3*x = -5*z - 687. What is the hundreds digit of z?
6
Let q be (-4)/(-6) - 224/(-24). What is the units digit of 5/(q/6) - -4?
7
Suppose -7*n = 307 - 17254. What is the thousands digit of n?
2
What is the units digit of (-26306)/(-42) + 12/(-9)?
5
Suppose 5*y + 41 = -4*u, -3*u + y - 24 = -2*y. What is the units digit of (0 + -3)*192/u?
4
Let k(l) = -27*l + 2*l**3 + 28*l + l**2 + 7*l**2 + 4 - 3*l**3. What is the tens digit of k(8)?
1
Let o be (-12)/(-5)*(5 + 0). Suppose -5*x + o = 7. What is the units digit of x?
1
Suppose 18 - 3 = 5*m. Suppose 0 = m*q - q - 8. What is the units digit of 12/(-4) - (-1 - q)?
2
Let g = -59 + 157. Let d be 7 - (32/48)/(1/3). Suppose -d*r + g + 147 = 0. What is the units digit of r?
9
Let n be (-2 + 4 + -5)/((-6)/10). What is the units digit of 35 - n*(-1)/(-5)?
4
Suppose 3*j - m + 4*m = -84, 0 = 2*j + m + 60. Suppose 5*r + 114 = -2*n + r, -2*n - 2*r - 106 = 0. Let i = j - n. What is the tens digit of i?
1
Let l = 156 - 264. What is the hundreds digit of (l/(-5))/((-4)/(-20) - 0)?
1
Suppose 3*y - 12 = 6. Suppose -y*t + 133 = t. What is the units digit of t?
9
Suppose 3*l = -l + 16. Let m(q) = -3*q + 6. Let v(b) = -6*b + 13. Let d(t) = -5*m(t) + 2*v(t). What is the units digit of d(l)?
8
Let j = 388 + -176. Let m = j - 120. What is the tens digit of m?
9
Let i(w) = -w**2 - 18*w - 15. Let x be (-2)/(-2) + (7 - 3). Suppose 2*j = -5*a - 29 - 16, -x*j = -3*a + 35. What is the units digit of i(j)?
5
Let y be (-2)/3 - 3/(27/(-1032)). Let z = y + -75. What is the tens digit of z?
3
Suppose 3*n - s - 3*s = 1081, 0 = n - s - 361. Suppose -645 = -6*v + n. What is the hundreds digit of v?
1
Suppose -861 = 5*o - 6*o. What is the tens digit of o?
6
Let d = -547 - -855. Let z = d + -147. What is the tens digit of z?
6
What is the hundreds digit of ((-18)/5 + 0)*(-1645)/14?
4
Suppose -2*i + 959 = c, -c - c + 1925 = -3*i. What is the tens digit of c?
6
Suppose 2764 + 536 = 5*r. What is the units digit of r?
0
Suppose 0*l - 4*w = -5*l + 8585, -2*l + 2*w = -3436. What is the units digit of l?
3
Suppose -21*y = 2*y - 21068. What is the hundreds digit of y?
9
Let s(k) = -2*k**3 - 15*k**2 + 60*k - 5. What is the hundreds digit of s(-16)?
3
Suppose -3*t - 331 = -4*c, 409 = 7*c - 2*c + t. Suppose 0 = -5*b - 2*j + 338, -b - 2*j = 2*j - c. What is the units digit of b?
6
Let a(x) = 2*x**3 - 4*x - x**3 + 2*x + x + 3*x**2 - 4. Let f be a(-3). Let y(g) = 20*g**2 + 2*g + 1. What is the units digit of y(f)?
9
Let t(g) = -2*g**3 - 16*g**2 - 9*g + 10. Let l be t(-10). Suppose -20*n - l = -25*n. What is the tens digit of n?
0
Let a = -152 - -1403. What is the tens digit of a?
5
Let m(j) = -3*j**2 + 7*j + 1. Let n be m(3). What is the tens digit of (n - -4) + 27*6/2?
8
Let b be (1 - (-758)/(-6))*18/12. Let d = 286 + b. What is the units digit of d?
8
Suppose 3177 = 5*p - 2*k, 0*p - 3*p = k - 1904. What is the tens digit of p?
3
Suppose 4368 = -149*r + 156*r. What is the tens digit of r?
2
Let q = 150 + -210. Let c be (-14)/49 + q/(-14). Suppose -c*r = -4*z - 124, 10*r - 167 = 5*r - z. What is the units digit of r?
3
Suppose 4*v + 8 = 40. Let r(t) = -t**3 + 9*t**2 + t - 1. What is the tens digit of r(v)?
7
What is the tens digit of (2/(-4))/(10/20) + 1009?
0
Let n(r) = 2*r**3 - 6*r**2 + 4*r - 12. Let q be (-27)/(-4) - ((-36)/(-16))/3. What is the hundreds digit of n(q)?
2
Let o be 8/(-24)*(-18 - 0/1). Let a(y) = 2*y**2 + y + 15. What is the units digit of a(o)?
3
Let u(j) = -9*j. Suppose 6*a + 0 = 6. Let f(b) = 1. Let r(p) = a*u(p) - f(p). What is the units digit of r(-2)?
7
Let u = -21 - -18. What is the tens digit of 98 + (-8)/(8/u)?
0
Let d(h) = 2*h**2 - 6*h - 5. Let j be d(4). Suppose -v - j*v = 16. What is the units digit of 1/(4*v/(-96))?
6
What is the units digit of 5 + (-1)/((-6)/(-25608)*-4)?
2
Let l be (-1)/(-3) - 21/9. Let x(p) = p - 1. Let q(f) = -1. Let m(k) = l*x(k) + q(k). What is the tens digit of m(-9)?
1
Let p be (-5)/5*-17*8. Let d = p - 304. Let a = -119 - d. What is the units digit of a?
9
Let p(w) = 61*w**2 - 4*w + 65. What is the thousands digit of p(-5)?
1
Let l(z) be the second derivative of -5*z**3/6 + 62*z**2 - 26*z. What is the hundreds digit of l(0)?
1
What is the tens digit of (-24)/(-36) - (-5906)/6?
8
Suppose -5*u - 3*j + 603 = 0, 2*u + 3*j - 106 = 128. What is the hundreds digit of u?
1
Suppose 5*i - 3564 = -2*j + 2*i, -2*j + i = -3548. What is the tens digit of j?
7
Let g(q) = q**3 - 6*q**2 + 8*q - 8. Let c be g(5). What is the tens digit of c/14 + 318/4?
8
Let a(s) = -s**3 + 6*s**2 + 4*s + 11. Let i be a(6). Suppose -5*w + i = -250. What is the units digit of w?
7
Suppose 3*x - 57 = 72. What is the tens digit of (9/3)/(3/x)?
4
What is the units digit of (1947/(-9))/(6/(-18))?
9
Suppose 5*p - 10 - 6 = -4*y, 2*y - 18 = -5*p. Let v(o) = -o**3 + 5*o**2 - 2*o - 4. Let k be v(p). Suppose 0 = -k*j + 6 + 50. What is the units digit of j?
4
Suppose 5*p = p + 28. Let l = p + -10. What is the tens digit of 0 + (-50)/6*l?
2
Let a = -181 - -590. What is the tens digit of a?
0
Let t(w) be the second derivative of w**4/12 + 3*w**3/2 + 51*w**2/2 - 38*w. What is the tens digit of t(-19)?
4
Suppose 9*y - 9312 = -7*y. What is the hundreds digit of y?
5
Let j(r) = -r**2 - r - r**3 + 0*r + 61 - 26. Suppose i - 2*v - 14 + 6 = 0, 4*i = 2*v + 8. What is the tens digit of j(i)?
3
Let h be (-7 - -5)*(0 + -2). Suppose x = h*y + 226, -2*x - 5*y + 253 = -x. What is the units digit of x?
8
Suppose 0 = 19*x - 354 - 6087. What is the hundreds digit of x?
3
Suppose -1593 = 4*a - 7*a. Let v = -309 + a. What is the tens digit of v?
2
Let n = 6649 + -2927. What is the thousands digit of n?
3
Suppose -b = -7*b. Suppose 154 = i - 2*o, 2*i + 3*o - 315 = -b*i. Suppose -3*j + i = -27. What is the units digit of j?
1
Let y be (1*-1)/((-13)/143). Let g = y - -13. Let h = 73 - g. What is the tens digit of h?
4
What is the tens digit of (-3254)/(-3) - (-21)/63?
8
Suppose -13*t + 5393 + 8985 = 0. What is the tens digit of t?
0
Let o be (-1 + -1)/2 - (-3 - 2). Suppose 0 = o*x - 20, -y - 290 = -4*y - x. What is the units digit of y?
5
Let r(x) = -x**3 + 11*x**2 - 4*x - 2. Suppose 0 = u + 2*u - 15. Let w b